{"id":3151,"date":"2025-05-29T09:32:02","date_gmt":"2025-05-29T09:32:02","guid":{"rendered":"https:\/\/linhdinhstudio.phanminhhai.com\/?post_type=product&#038;p=3151"},"modified":"2025-05-30T02:50:41","modified_gmt":"2025-05-30T02:50:41","slug":"ao-hai-day-dang-suong","status":"publish","type":"product","link":"https:\/\/linhdinh.studio\/index.php\/san-pham\/ao-hai-day-dang-suong\/","title":{"rendered":"\u00c1o Hai D\u00e2y D\u00e1ng Su\u00f4ng"},"content":{"rendered":"<div class=\"x11i5rnm xat24cr x1mh8g0r x1vvkbs xtlvy1s x126k92a\">\n<div dir=\"auto\">\u00c1o Hai D\u00e2y D\u00e1ng Su\u00f4ng \u2013 Tho\u1ea3i M\u00e1i, Che Khuy\u1ebft \u0110i\u1ec3m, D\u1ec5 Ph\u1ed1i \u0110\u1ed3<\/div>\n<\/div>\n<div class=\"x11i5rnm xat24cr x1mh8g0r x1vvkbs xtlvy1s x126k92a\">\n<div dir=\"auto\">B\u1ea1n \u0111ang t\u00ecm m\u1ed9t chi\u1ebfc \u00e1o v\u1eeba nh\u1eb9 nh\u00e0ng, v\u1eeba che khuy\u1ebft \u0111i\u1ec3m t\u1ed1t nh\u01b0ng v\u1eabn th\u1eadt phong c\u00e1ch? \u00c1o hai d\u00e2y d\u00e1ng su\u00f4ng ch\u00ednh l\u00e0 l\u1ef1a ch\u1ecdn ho\u00e0n h\u1ea3o, gi\u00fap n\u00e0ng tho\u1ea3i m\u00e1i, t\u1ef1 tin v\u00e0 d\u1ec5 d\u00e0ng mix &amp; match khi \u0111i ch\u01a1i hay d\u1ea1o ph\u1ed1.<\/div>\n<\/div>\n<div class=\"x11i5rnm xat24cr x1mh8g0r x1vvkbs xtlvy1s x126k92a\">\n<div dir=\"auto\">M\u1ed9t item v\u1eeba th\u1eddi trang, v\u1eeba ti\u1ec7n l\u1ee3i, n\u00e0ng nh\u1ea5t \u0111\u1ecbnh kh\u00f4ng th\u1ec3 b\u1ecf l\u1ee1!<\/div>\n<\/div>\n<div class=\"x11i5rnm xat24cr x1mh8g0r x1vvkbs xtlvy1s x126k92a\">\n<div dir=\"auto\">Inbox ngay \u0111\u1ec3 \u0111\u1eb7t h\u00e0ng &amp; nh\u1eadn t\u01b0 v\u1ea5n!<\/div>\n<\/div>\n","protected":false},"excerpt":{"rendered":"<div id=\"wc-tabs-wrapper\" class=\"woocommerce-tabs wc-tabs-wrapper\">\n<div id=\"tab-description\" class=\"woocommerce-Tabs-panel woocommerce-Tabs-panel--description panel entry-content wc-tab\" role=\"tabpanel\" aria-labelledby=\"tab-title-description\">\n<div class=\"x11i5rnm xat24cr x1mh8g0r x1vvkbs xtlvy1s x126k92a\">\n<div dir=\"auto\"><span style=\"color: #484f56; font-size: 1.125rem;\">B\u1ea1n \u0111ang t\u00ecm m\u1ed9t chi\u1ebfc \u00e1o v\u1eeba nh\u1eb9 nh\u00e0ng, v\u1eeba che khuy\u1ebft \u0111i\u1ec3m t\u1ed1t nh\u01b0ng v\u1eabn th\u1eadt phong c\u00e1ch? \u00c1o hai d\u00e2y d\u00e1ng su\u00f4ng ch\u00ednh l\u00e0 l\u1ef1a ch\u1ecdn ho\u00e0n h\u1ea3o, gi\u00fap n\u00e0ng tho\u1ea3i m\u00e1i, t\u1ef1 tin v\u00e0 d\u1ec5 d\u00e0ng mix &amp; match khi \u0111i ch\u01a1i hay d\u1ea1o ph\u1ed1.<\/span><\/div>\n<\/div>\n<div class=\"x11i5rnm xat24cr x1mh8g0r x1vvkbs xtlvy1s x126k92a\">\n<div dir=\"auto\">M\u1ed9t item v\u1eeba th\u1eddi trang, v\u1eeba ti\u1ec7n l\u1ee3i, n\u00e0ng nh\u1ea5t \u0111\u1ecbnh kh\u00f4ng th\u1ec3 b\u1ecf l\u1ee1!<\/div>\n<\/div>\n<div class=\"x11i5rnm xat24cr x1mh8g0r x1vvkbs xtlvy1s x126k92a\">\n<div dir=\"auto\">Inbox ngay \u0111\u1ec3 \u0111\u1eb7t h\u00e0ng &amp; nh\u1eadn t\u01b0 v\u1ea5n!<\/div>\n<\/div>\n<\/div>\n<\/div>\n<div class=\"elementor elementor-1773 --do-stretch\" data-elementor-type=\"wp-post\" data-elementor-id=\"1773\" data-elementor-gstype=\"generic\" data-page-el-selector=\"body.elementor-page-1773\" data-elementor-name=\"Product page \u2013 After Content\" data-elementor-gstype-title=\"Generic\">\n<div class=\"elementor-section elementor-top-section elementor-element elementor-element-f57f827 elementor-section-boxed elementor-section-height-default elementor-section-height-default\" data-id=\"f57f827\" data-element_type=\"section\">\n<div class=\"elementor-container elementor-column-gap-no\">\n<div class=\"elementor-column elementor-col-100 elementor-top-column elementor-element elementor-element-17e86eb\" data-id=\"17e86eb\" data-element_type=\"column\">\n<div class=\"elementor-column-wrap--17e86eb elementor-widget-wrap elementor-element-populated\">\n<div class=\"elementor-element elementor-element-5c49217 elementor-widget elementor-widget-heading\" data-id=\"5c49217\" data-element_type=\"widget\" data-widget_type=\"heading.default\">\n<div class=\"elementor-widget-container\"><\/div>\n<\/div>\n<\/div>\n<\/div>\n<\/div>\n<\/div>\n<\/div>\n","protected":false},"featured_media":3153,"comment_status":"open","ping_status":"closed","template":"","meta":{"_acf_changed":false},"product_brand":[],"product_cat":[17],"product_tag":[319],"class_list":{"0":"post-3151","1":"product","2":"type-product","3":"status-publish","4":"has-post-thumbnail","6":"product_cat-ao-hai-day","7":"product_tag-ao-2-day","9":"first","10":"instock","11":"sale","12":"shipping-taxable","13":"purchasable","14":"product-type-simple","swatches":"rey-swatches","show_selected":"rey-swatches--show-selected--name","stretch_labels":"rey-swatches--stretch-labels","update_gallery":"--swatch-update-gallery"},"acf":[],"_links":{"self":[{"href":"https:\/\/linhdinh.studio\/index.php\/wp-json\/wp\/v2\/product\/3151","targetHints":{"allow":["GET"]}}],"collection":[{"href":"https:\/\/linhdinh.studio\/index.php\/wp-json\/wp\/v2\/product"}],"about":[{"href":"https:\/\/linhdinh.studio\/index.php\/wp-json\/wp\/v2\/types\/product"}],"replies":[{"embeddable":true,"href":"https:\/\/linhdinh.studio\/index.php\/wp-json\/wp\/v2\/comments?post=3151"}],"wp:featuredmedia":[{"embeddable":true,"href":"https:\/\/linhdinh.studio\/index.php\/wp-json\/wp\/v2\/media\/3153"}],"wp:attachment":[{"href":"https:\/\/linhdinh.studio\/index.php\/wp-json\/wp\/v2\/media?parent=3151"}],"wp:term":[{"taxonomy":"product_brand","embeddable":true,"href":"https:\/\/linhdinh.studio\/index.php\/wp-json\/wp\/v2\/product_brand?post=3151"},{"taxonomy":"product_cat","embeddable":true,"href":"https:\/\/linhdinh.studio\/index.php\/wp-json\/wp\/v2\/product_cat?post=3151"},{"taxonomy":"product_tag","embeddable":true,"href":"https:\/\/linhdinh.studio\/index.php\/wp-json\/wp\/v2\/product_tag?post=3151"}],"curies":[{"name":"wp","href":"https:\/\/api.w.org\/{rel}","templated":true}]}}